Let i = o - -50. Calculate the remainder when m(2) is divided by i.
1
Let w = 1542 + -1320. What is the remainder when 234 is divided by w?
12
Let p(w) = -w - 2. Let v be p(6). Let x = 341 - 333. Calculate the remainder when 348/v*x/(-3) is divided by 24.
20
Let r(c) = 943*c - 1872. Calculate the remainder when r(2) is divided by (-6)/(-21) - (-150)/14.
3
Let g = -32225 + 33637. What is the remainder when g is divided by 350?
12
Suppose -8*i = -c - 515, -8*c + 9*c = 3*i - 190. Suppose -4*r - 43 = -3*h + 5, r = -h + 23. What is the remainder when i is divided by h?
5
Let z = 352 - 375. Let q = 106 + z. Calculate the remainder when q is divided by (4/6)/(2/42).
13
Let p(v) = -v**3 + 13*v**2 - 13*v + 83. Let l = 74 + -121. Let g = l - -66. Calculate the remainder when p(12) is divided by g.
14
Suppose -17*s = -23*s + 36. Calculate the remainder when 44 is divided by 416/(-72) + s + (-133)/(-9).
14
Let v(o) = 2*o**2 + 86*o + 123. Calculate the remainder when 4058 is divided by v(0).
122
Let z = 1469 + -1041. Let q = -72 + z. Calculate the remainder when q is divided by 36.
32
Let w(x) = -3*x + 190. Calculate the remainder when w(-27) is divided by 42.
19
Let g(m) = 2*m - 10. Let c be g(6). Suppose 3*r - 9 = -3*z, 3*z - 5*z = -c*r + 26. Suppose 7*b = 8*b - r. Calculate the remainder when b is divided by 3.
2
Let i(q) = 2*q - 122. What is the remainder when ((-8)/(-24))/(2/132) is divided by i(69)?
6
Let b = -63 + 96. Let w = -511 - -943. Let f = 495 - w. Calculate the remainder when f is divided by b.
30
Suppose -2*v + 14490 = -5*m, -1656 = 3*v - 2*m - 23413. Calculate the remainder when v is divided by 177.
175
Suppose -59*y + 64*y - 25 = 0. Let g(n) = -11*n - 83. Let r(d) = -7*d - 55. Let q(w) = y*g(w) - 8*r(w). Calculate the remainder when q(-15) is divided by 10.
0
Suppose 11832 = -0*o + 24*o. What is the remainder when o is divided by (48/(-21))/(4/(-14))?
5
Suppose -14*o = -16*o. Suppose 0*c - 6*c + 30 = o. Suppose 15 = c*k, 4*g = -g - 2*k + 81. Calculate the remainder when 74 is divided by g.
14
Let p(q) = q**3 + 20*q**2 + 89*q + 6. Calculate the remainder when 156 is divided by p(-13).
28
Let d = 3143 - 3097. Calculate the remainder when 186 is divided by d.
2
Suppose 19 - 7 = 4*w. Suppose -4*p + 2*p - v + 12 = 0, 4*p + w*v - 24 = 0. What is the remainder when 1 + 14/(-10) + 8892/855 is divided by p?
4
Suppose 2810 = -252*w + 499*w - 242*w. Calculate the remainder when w is divided by 13.
3
Suppose -68 = 92*d - 90*d. Let b = 41 + d. What is the remainder when 26 is divided by b + -3 - (-30)/3?
12
Suppose -4*c + 4*s = -8176, -5*c + 13589 = -s + 3357. What is the remainder when 2049 is divided by c?
2
Let z(b) = 42*b - 776. What is the remainder when 43 is divided by z(19)?
21
Let j = 1558 - 1289. What is the remainder when 810 is divided by j?
3
Let x(n) = -n**3 - 4*n**2 + 2*n + 4. Let d be 30/7 - (-18)/(-63). Let a(h) = -h - 1. Let t be a(d). Calculate the remainder when x(t) is divided by 8.
3
Suppose -540 = q - 5*q. Let k be (-30)/q - 94/(-18). Suppose 2*v + 3*g + 6 = 33, 5*g = k*v - 55. What is the remainder when 59 is divided by v?
11
Let y = -75 - -116. Let g = y + 6. Calculate the remainder when g is divided by -4 + 17 + -17 + 14.
7
Let s(m) = 15*m - 38. Let v = 1517 - 1299. Calculate the remainder when v is divided by s(5).
33
Suppose 0 = 2*y - 3*y + 18. What is the remainder when (-3)/((-157)/1012 + (-12)/(-1104)*8) is divided by y?
8
Suppose -8 = 12*v - 16*v, 2*v + 114 = 2*p. Calculate the remainder when 2284 is divided by p.
42
What is the remainder when 172 is divided by (9/(-5) - -1)/(95/(-1900))?
12
Let o be ((-3)/(-4))/((-2)/16). Suppose -980 = 3*m - 4*y + 277, -842 = 2*m - 4*y. Calculate the remainder when 79 is divided by o/9 + m/(-15).
25
Let o(j) = j**2 - 8*j + 1. Let h be o(8). Let s be (2/h)/(-6 - -5). Let x = s - -11. What is the remainder when 24 is divided by x?
6
Let m = -17073 + 17175. Calculate the remainder when 116 is divided by m.
14
Suppose 12*s - 3589 = -73. What is the remainder when s is divided by 23?
17
Suppose -21 = -5*j + 2*j + w, 5*w = 3*j - 33. Suppose -j*n - 5*z = -n - 235, 0 = 3*n - z - 121. What is the remainder when 161 is divided by n?
35
Let k(j) = 4*j**2 + 4*j + 5. What is the remainder when -36 - -21 - (-2 - 113) is divided by k(-4)?
47
Suppose -1838 + 5478 = 7*a. What is the remainder when a is divided by 7?
2
What is the remainder when 78 is divided by (240/(-50))/((-9)/30)?
14
Let n(s) be the first derivative of 5*s**2/2 - 22*s + 11. Let i be n(10). What is the remainder when (i*3/3)/2 is divided by 8?
6
Let p(s) be the second derivative of -s**5/20 + 2*s**4/3 - s**3/6 - 17*s**2/2 + 66*s. Calculate the remainder when 261 is divided by p(5).
49
Let u be 18/8*(-7 + (-25)/(-3)). Suppose 0 = u*q + 3*g - 87, -4*q + 67 + 61 = g. Calculate the remainder when 96 is divided by q.
30
Suppose 2*y - 2*t - 42 = 8, -2*y + 4*t + 50 = 0. Suppose 2*r + q - 705 = 0, -1855 + 5705 = 11*r + 3*q. Calculate the remainder when r is divided by y.
22
Let x be (-2 - 6)/(-32)*-12. Let t(y) = 33*y**2 + 11*y + 41. Calculate the remainder when t(x) is divided by 14.
11
Let f(m) = 11*m**2 - 2*m - 25. Let b be f(7). Suppose -35*c = -15*c - b. Calculate the remainder when 47 is divided by c.
22
Let i(m) = m**3 - 16*m**2 + 37*m - 479. Let v = 2 + 55. What is the remainder when i(16) is divided by v?
56
Let p be 0*((25/(-10))/(-1))/5. What is the remainder when (-98)/(-1) - ((p - 2) + -4) is divided by 31?
11
What is the remainder when 3446 is divided by (-5)/2 - 8976/(-1056)?
2
Let m be 23/184 + ((-5430)/(-16))/5. Suppose -2*w + 4*n + 42 = -0*w, 4*n = 5*w - 117. Calculate the remainder when (94/2)/(m/68) is divided by w.
22
Let l = -3326 - -3386. Calculate the remainder when 415 is divided by l.
55
What is the remainder when 1/10 - 437202/(-180) is divided by 17?
15
Suppose 9*o - b = 4*o + 76, 4*o = -3*b + 57. Suppose o*w + 67 = 277. Calculate the remainder when 66 is divided by w.
10
Suppose 3*l + 4*p = 101, -3*p + 7*p = 20. Calculate the remainder when (-86)/387*(-1088 + 1 + -2) is divided by l.
26
Suppose -2*a = -16*f + 19*f - 61, 6*a = f + 53. Let j = -42 + 61. What is the remainder when j is divided by f?
6
Let i(v) = 11*v - 123. Let n be i(14). Suppose -139 + n = -9*x. Calculate the remainder when x is divided by 5.
2
Let w(y) = 31*y**2 + 52*y - 19. What is the remainder when w(-5) is divided by 9?
1
Suppose 2*o = -4*b + 24, 15 = o - 14*b + 19*b. What is the remainder when 907 is divided by o?
7
Suppose 60*y - 936 = 56*y. Suppose 9*c + 2961 = 3393. Calculate the remainder when y is divided by c.
42
Let o = -8842 + 8883. What is the remainder when 6554 is divided by o?
35
Calculate the remainder when 359 is divided by (-66)/(-18) - 4/(-24)*2.
3
Let o(z) = -7*z + 5. Let p(y) = -7*y + 5. Let a(w) = 6*o(w) - 5*p(w). Let n be a(2). What is the remainder when 17 is divided by (-2)/(-3) + (-39)/n?
2
Let l(n) = -n**3 + 35*n**2 + 3*n - 71. Let m be l(35). Calculate the remainder when 66 is divided by m/(-85)*(-20)/1.
2
Let i = -4252 - -4315. What is the remainder when i is divided by 18?
9
Suppose 0 = -796*h + 814*h - 36. Calculate the remainder when 141 is divided by h.
1
Let a(z) = -3*z**2 - 4*z - 9. Let m be a(-4). Let b = 24 - m. Suppose 5*s = -2*f + 4*f - 41, 0 = 5*f - 5*s - b. Calculate the remainder when f is divided by 1.
0
Suppose -20 = 5*r, -3*x + 753 = -5*r - 3197. Calculate the remainder when x is divided by 433.
11
Suppose 2*d = -4*o + 20, o + 0 = d - 1. Suppose -q + d*z + 1 - 8 = 0, -2*z = -5*q + 1. What is the remainder when q*((-196)/42)/((-4)/6) is divided by 6?
1
What is the remainder when (264/77)/(-6) - (-10774)/14 is divided by 23?
10
Suppose 0 = 4*d - 3*y - 1193, -5*d - 272 = -6*d - 3*y. What is the remainder when d is divided by 16?
5
Suppose -y = -0 + 2. What is the remainder when 117 is divided by 14 + y - (-1)/4*0?
9
Let i(b) = 20*b - 21. Let h be i(-6). Let c = h - -214. Calculate the remainder when 363 is divided by c.
71
Let a be (-14)/(-8)*(4 - 0). Let m = 207 + -169. Let t = m - a. What is the remainder when 91 is divided by t?
29
Calculate the remainder when 2986 is divided by 29 + 1416/(-48) - 99/(-2).
46
Suppose y - 96 = -q - 0*y, 0 = q - 3*y - 108. Let f = q + -14. Calculate the remainder 